1212?
-1320
In base 8, what is -4 + -757?
-763
In base 14, what is 10 - -32?
42
In base 8, what is -146 - 101?
-247
In base 6, what is -10445 - 5?
-10454
In base 14, what is -c5 - -d?
-b6
In base 4, what is -1 + -10300?
-10301
In base 12, what is 3 - -1598?
159b
In base 3, what is 10 + -20221?
-20211
In base 5, what is -1 - -12?
11
In base 15, what is 0 - -128?
128
In base 16, what is 3 - 76?
-73
In base 13, what is -5 - -550?
548
In base 6, what is 1 - -12?
13
In base 13, what is -24b1 - 4?
-24b5
In base 13, what is -3 - -ac4?
ac1
In base 9, what is -4 + -81?
-85
In base 8, what is -66 + 3?
-63
In base 6, what is 3 - 125?
-122
In base 3, what is -211 - 11200?
-12111
In base 7, what is 3 + 461?
464
In base 14, what is 1c6 - 0?
1c6
In base 6, what is -4 + 1452?
1444
In base 6, what is 5 + 41102?
41111
In base 14, what is -98 + 15?
-83
In base 6, what is -42 + 420?
334
In base 6, what is 1303 - 1?
1302
In base 4, what is -20333 + 2?
-20331
In base 16, what is 4 + -b7d?
-b79
In base 15, what is 5 + -4d1?
-4cb
In base 16, what is 7 + -d?
-6
In base 15, what is 47 + -1?
46
In base 12, what is -23019 - 0?
-23019
In base 4, what is 121210 - -1?
121211
In base 13, what is -14 + 7a1?
78a
In base 12, what is -1332 - 2?
-1334
In base 16, what is -6 - 1e?
-24
In base 13, what is 1c - 2?
1a
In base 15, what is 1 - 2cc?
-2cb
In base 13, what is -1818 - -4?
-1814
In base 16, what is -390 - 4?
-394
In base 6, what is 5 + -214?
-205
In base 13, what is 44 + b?
52
In base 3, what is 11 - 10002?
-2221
In base 13, what is 9 + 399?
3a5
In base 14, what is -1 - 719?
-71a
In base 7, what is 16534 + 0?
16534
In base 9, what is 4 - -10551?
10555
In base 16, what is 5 - -1cb?
1d0
In base 12, what is -2 - 353?
-355
In base 6, what is 5 - 11420?
-11411
In base 8, what is -51 + -302?
-353
In base 4, what is -1221 + 1?
-1220
In base 16, what is f - 5?
a
In base 4, what is -1121 - -1?
-1120
In base 7, what is 11 + 55?
66
In base 10, what is -15 + 15?
0
In base 14, what is 5 + -c90?
-c89
In base 4, what is -32 - -1131?
1033
In base 10, what is 672 + 0?
672
In base 12, what is -2 - 1?
-3
In base 11, what is -282 + 3?
-27a
In base 5, what is 3 + -43?
-40
In base 11, what is -3 + -1579?
-1581
In base 6, what is -43 - 43?
-130
In base 11, what is 1 - 407?
-406
In base 16, what is -152 + a?
-148
In base 5, what is -1 - 34233?
-34234
In base 2, what is 1 - 101001001?
-101001000
In base 6, what is 315 + -152?
123
In base 3, what is -12101 - 1?
-12102
In base 11, what is 3 - 112?
-10a
In base 9, what is -147 - 22?
-170
In base 12, what is -185 - 1?
-186
In base 3, what is -2 + -2102?
-2111
In base 3, what is -1 - 120222?
-121000
In base 12, what is -300 + -1?
-301
In base 14, what is -3 - 92?
-95
In base 6, what is 302152 - -1?
302153
In base 11, what is -1 - -33?
32
In base 7, what is 121 - 114?
4
In base 12, what is 3 + -5b?
-58
In base 10, what is 4 + 194?
198
In base 5, what is -11042 + 11?
-11031
In base 10, what is -57 + -211?
-268
In base 15, what is 1e5 + 1?
1e6
In base 5, what is -33034 + -3?
-33042
In base 8, what is 4 + -1203?
-1177
In base 6, what is -4 - 242?
-250
In base 6, what is -5 - -141?
132
In base 5, what is -31 + -4?
-40
In base 3, what is -101120112 - -10?
-101120102
In base 9, what is -5 - 3457?
-3463
In base 14, what is 134 - 2?
132
In base 11, what is -781 + -5?
-786
In base 10, what is 287 + 10?
297
In base 13, what is -7579 + 3?
-7576
In base 10, what is -2 - 99?
-101
In base 15, what is -db + a?
-d1
In base 2, what is -101 + 11111110?
11111001
In base 16, what is -1 + -3a?
-3b
In base 12, what is -4 + 210?
208
In base 14, what is 79 - 4?
75
In base 16, what is -3 + 4f9?
4f6
In base 7, what is -1165 - -11?
-1154
In base 4, what is -112 + -10?
-122
In base 5, what is 1 - 30?
-24
In base 7, what is -66 - -4?
-62
In base 12, what is -16 - 2?
-18
In base 4, what is -10 + 330?
320
In base 14, what is -775 + 1?
-774
In base 8, what is 314 - 0?
314
In base 3, what is 12011 - -110?
12121
In base 16, what is 962 + -5?
95d
In base 10, what is 277 - 7?
270
In base 2, what is -100010001100011 + 1?
-100010001100010
In base 12, what is -570b - 3?
-5712
In base 11, what is 14 - 4?
10
In base 16, what is -a + -5?
-f
In base 14, what is -3d19 + 4?
-3d15
In base 15, what is 10 - 13?
-3
In base 6, what is 3 - 251?
-244
In base 15, what is -25 + -8?
-2d
In base 3, what is -10 - -1210?
1200
In base 9, what is 16 + -56?
-40
In base 12, what is 6 + 1193?
1199
In base 3, what is -10 - -11221120?
11221110
In base 13, what is c97 - -2?
c99
In base 7, what is -100 + 1042?
642
In base 6, what is -3 - -2033?
2030
In base 3, what is 12 - -1000?
1012
In base 8, what is 4 + 134?
140
In base 2, what is 1010010110 + -11?
1010010011
In base 15, what is 1 - -959?
95a
In base 15, what is -3 + -20?
-23
In base 7, what is 13134 + 3?
13140
In base 13, what is -402 - -8?
-3c7
In base 5, what is 13 - 3233?
-3220
In base 14, what is 6c + 5?
73
In base 7, what is 4 + -525?
-521
In base 15, what is 23d6 + 5?
23db
In base 14, what is 4 - 4?
0
In base 9, what is 0 - 377?
-377
In base 7, what is 2 + 2642?
2644
In base 9, what is 31 + 3?
34
In base 8, what is 66 + 10?
76
In base 4, what is 2 + -212202?
-212200
In base 12, what is -383 - 16?
-399
In base 4, what is -10001 + 10?
-3331
In base 3, what is 10011 - 10?
10001
In base 9, what is -480 - 5?
-485
In base 7, what is -243 - -4?
-236
In base 3, what is -111 + 1011221?
1011110
In base 9, what is -3161 + -1?
-3162
In base 8, what is 211 + 6?
217
In base 6, what is 0 - 44212?
-44212
In base 14, what is -330 + -29?
-359
In base 7, what is 636 - 3?
633
In base 14, what is 1 + 169?
16a
In base 16, what is -4 - 34?
-38
In base 3, what is -21 + 10012?
2221
In base 13, what is -39 - 5?
-41
In base 9, what is 4150 + 12?
4162
In base 4, what is 11230 + 2?
11232
In base 2, what is -10001 + -11111?
-110000
In base 4, what is -311 + 21022?
20111
In base 7, what is -661 - -1?
-660
In base 8, what is 0 + 12?
12
In base 12, what is 7 - -2b?
36
In base 2, what is -11110 - 11000?
-110110
In base 7, what is -5510 - 4?
-5514
In base 6, what is 4 - -22?
30
In base 6, what is -25 + 451?
422
In base 6, what is 4 - 3?
1
In base 12, what is 51 + 3?
54
In base 3, what is 20120 + -121?
12222
In base 13, what is -9 - b?
-17
In base 5, what is 10201 - 4?
10142
In base 5, what is 2422 + -10?
2412
In base 2, what is 11110 + 1?
11111
In base 7, what is -130 + 2?
-125
In base 2, what is -110 + 10100110?
10100000
In base 5, what is -10 - 0?
-10
In base 5, what is -1 + -334?
-340
In base 3, what is 120 - -1021?
1211
In base 12, what is -73b7 + 5?
-73b2
In base 2, what is 10 - -1110101100?
1110101110
In base 15, what is 141 + 4?
145
In base 13, what is b + -36?
-28
In base 15, what is -1 - ac8?
-ac9
In base 4, what is 1003000 - -11?
1003011
In base 14, what is 4c - d?
3d
In base 5, what is 1 - -1132?
1133
In base 6, what is 11455 + -4?
11451
In base 8, what is 4 - 1712?
-1706
In base 16, what is -e5 + -2?
-e7
In base 7, what is 4 + 11263?
11300
In base 11, what is 323 - 3?
320
In base 12, what is 4 + -50?
-48
In base 16, what is 4 + -6c?
-68
In base 4, what is -1330 - -10?
-1320
In base 4, what is -321022 - -3?
-321013
In base 8, what is -1 - 206?
-207
In base 13, what is 0 - -33?
33
In base 11, what is 0 + -3128?
-3128
In base 9, what is -5 + -1084?
-1100
In base 3, what is -10 - -211?
201
In base 2, what is 101 - 1110010?
-1101101
In base 9, what is -10 + -1185?
-1205
In base 10, what is 0 - 2546?
-2546
In base 7, what is 5 - -31?
36
In base 6, what is 1035 - 113?
522
In base 10, what is 56 - -69?
125
In base 5, what is 20024 - -1?
20030
In base 11, what is -2891 + -2?
-2893
In base 13, what is 1 + 31?
32
In base 10, what is 390 - 4?
386
In base 3, what is -10 + 2010?
2000
In base 12, what is 3 + -3a5?
-3a2
In base 7, what is -1 - 6653?
-6654
In base 16, what is 19 - 253?
-23a
In base 4, what is -2 - 223321?
-223323
In base 14, what is 4 - 21b?
-217
In base 14, what is a6 + 5?
ab
In base 8, what is 404 + 5?
411
In base 15, what is -2 + 4?
2
In base 15, what is 4 + 10?
14
In base 5, what is -402 + 220?
-132
In base 7, what is -2 + 16?
14
In base 6, what is -333 + 12?
-321
In base 7, what is 4240 + -5?
4232
In base 7, what is -53043 + -1?
-53044
In base 5, what is 100 + 4?
104
In b